{"id":440,"date":"2022-05-29T18:20:27","date_gmt":"2022-05-29T18:20:27","guid":{"rendered":"https:\/\/amdp.agromineralesdelpacifico.com\/?post_type=product&#038;p=440"},"modified":"2022-05-29T18:20:40","modified_gmt":"2022-05-29T18:20:40","slug":"agrical-pm60-carbonato-de-calcio-25-kg","status":"publish","type":"product","link":"https:\/\/amdp.agromineralesdelpacifico.com\/index.php\/product\/agrical-pm60-carbonato-de-calcio-25-kg\/","title":{"rendered":"Agrical PM60 &#8211; Carbonato de Calcio 25 KG"},"content":{"rendered":"<p>Neutraliza la \u00e1cidez del suelo, aporta Calcio para la nutrici\u00f3n de la planta e inhibe la formaci\u00f3n de pat\u00f3genos. Reduce el aluminio soluble.<\/p>\n","protected":false},"excerpt":{"rendered":"<p>El Carbonato de Calcio sirve para neutralizar la acidez del suelo y suministrar calcio (Ca) para la nutrici\u00f3n de las plantas. El principal uso de este mineral es elevar el pH de los suelos \u00e1cidos y reducir la concentraci\u00f3n de aluminio (Al) en la soluci\u00f3n del suelo. El crecimiento pobre de los cultivos en los suelos \u00e1cidos se debe principalmente al Al soluble, que es t\u00f3xico para el sistema radical de muchas plantas y el Carbonato de Calcio se encarga de reducir el Al soluble. El Calcio sirve para inhibir la formaci\u00f3n de organismos pat\u00f3genos y por ende el grado de infecci\u00f3n de las plantas haci\u00e9ndolas m\u00e1s resistentes a las enfermedades, evita que las hojas de las plantas y frutos se deformen. Se usa para reducir la toxicidad y efectos negativos de algunos elementos minerales como el aluminio (que aumenta la acidez del suelo) y el sodio (que evita la correcta absorci\u00f3n de agua).<\/p>\n<p>Algunos de los beneficios secundarios de la neutralizaci\u00f3n de la acidez del suelo con Carbonato de Calcio incluyen:<br \/>\n\u2022 Mayor disponibilidad de F\u00f3sforo (P).<br \/>\n\u2022 Mejor fijaci\u00f3n de Nitr\u00f3geno (N).<br \/>\n\u2022 Aumenta la mineralizaci\u00f3n de N y la nitrificaci\u00f3n.<br \/>\n\u2022 Mejor uso del agua, recuperaci\u00f3n de nutrientes y el crecimiento de las plantas con un sistema radicular m\u00e1s saludable.<\/p>\n","protected":false},"featured_media":441,"comment_status":"open","ping_status":"closed","template":"","meta":{"site-sidebar-layout":"default","site-content-layout":"default","ast-site-content-layout":"default","site-content-style":"default","site-sidebar-style":"default","ast-global-header-display":"","ast-banner-title-visibility":"","ast-main-header-display":"","ast-hfb-above-header-display":"","ast-hfb-below-header-display":"","ast-hfb-mobile-header-display":"","site-post-title":"","ast-breadcrumbs-content":"","ast-featured-img":"","footer-sml-layout":"","ast-disable-related-posts":"","theme-transparent-header-meta":"default","adv-header-id-meta":"","stick-header-meta":"","header-above-stick-meta":"","header-main-stick-meta":"","header-below-stick-meta":"","astra-migrate-meta-layouts":"default","ast-page-background-enabled":"default","ast-page-background-meta":{"desktop":{"background-color":"var(--ast-global-color-4)","background-image":"","background-repeat":"repeat","background-position":"center center","background-size":"auto","background-attachment":"scroll","background-type":"","background-media":"","overlay-type":"","overlay-color":"","overlay-opacity":"","overlay-gradient":""},"tablet":{"background-color":"","background-image":"","background-repeat":"repeat","background-position":"center center","background-size":"auto","background-attachment":"scroll","background-type":"","background-media":"","overlay-type":"","overlay-color":"","overlay-opacity":"","overlay-gradient":""},"mobile":{"background-color":"","background-image":"","background-repeat":"repeat","background-position":"center center","background-size":"auto","background-attachment":"scroll","background-type":"","background-media":"","overlay-type":"","overlay-color":"","overlay-opacity":"","overlay-gradient":""}},"ast-content-background-meta":{"desktop":{"background-color":"var(--ast-global-color-5)","background-image":"","background-repeat":"repeat","background-position":"center center","background-size":"auto","background-attachment":"scroll","background-type":"","background-media":"","overlay-type":"","overlay-color":"","overlay-opacity":"","overlay-gradient":""},"tablet":{"background-color":"var(--ast-global-color-5)","background-image":"","background-repeat":"repeat","background-position":"center center","background-size":"auto","background-attachment":"scroll","background-type":"","background-media":"","overlay-type":"","overlay-color":"","overlay-opacity":"","overlay-gradient":""},"mobile":{"background-color":"var(--ast-global-color-5)","background-image":"","background-repeat":"repeat","background-position":"center center","background-size":"auto","background-attachment":"scroll","background-type":"","background-media":"","overlay-type":"","overlay-color":"","overlay-opacity":"","overlay-gradient":""}}},"product_cat":[21,23],"product_tag":[],"class_list":["post-440","product","type-product","status-publish","has-post-thumbnail","hentry","product_cat-productos","product_cat-productos-agricolas","desktop-align-left","tablet-align-left","mobile-align-left"],"_links":{"self":[{"href":"https:\/\/amdp.agromineralesdelpacifico.com\/index.php\/wp-json\/wp\/v2\/product\/440","targetHints":{"allow":["GET"]}}],"collection":[{"href":"https:\/\/amdp.agromineralesdelpacifico.com\/index.php\/wp-json\/wp\/v2\/product"}],"about":[{"href":"https:\/\/amdp.agromineralesdelpacifico.com\/index.php\/wp-json\/wp\/v2\/types\/product"}],"replies":[{"embeddable":true,"href":"https:\/\/amdp.agromineralesdelpacifico.com\/index.php\/wp-json\/wp\/v2\/comments?post=440"}],"wp:featuredmedia":[{"embeddable":true,"href":"https:\/\/amdp.agromineralesdelpacifico.com\/index.php\/wp-json\/wp\/v2\/media\/441"}],"wp:attachment":[{"href":"https:\/\/amdp.agromineralesdelpacifico.com\/index.php\/wp-json\/wp\/v2\/media?parent=440"}],"wp:term":[{"taxonomy":"product_cat","embeddable":true,"href":"https:\/\/amdp.agromineralesdelpacifico.com\/index.php\/wp-json\/wp\/v2\/product_cat?post=440"},{"taxonomy":"product_tag","embeddable":true,"href":"https:\/\/amdp.agromineralesdelpacifico.com\/index.php\/wp-json\/wp\/v2\/product_tag?post=440"}],"curies":[{"name":"wp","href":"https:\/\/api.w.org\/{rel}","templated":true}]}}