{"id":453,"date":"2022-05-29T18:54:58","date_gmt":"2022-05-29T18:54:58","guid":{"rendered":"https:\/\/amdp.agromineralesdelpacifico.com\/?post_type=product&#038;p=453"},"modified":"2022-05-29T19:25:22","modified_gmt":"2022-05-29T19:25:22","slug":"zeolita-aluminio-silicato-con-iones-intercambiables-de-sodio-potasio-calcio-y-magnesio-22kg","status":"publish","type":"product","link":"https:\/\/amdp.agromineralesdelpacifico.com\/index.php\/product\/zeolita-aluminio-silicato-con-iones-intercambiables-de-sodio-potasio-calcio-y-magnesio-22kg\/","title":{"rendered":"Zeolita &#8211; Aluminio-Silicato con iones intercambiables de Sodio, Potasio, Calcio y Magnesio 40KG"},"content":{"rendered":"<p>Brinda una alta capacidad de absorci\u00f3n de agua y nutrientes, y aireaci\u00f3n a las ra\u00edces. Agiliza la germinaci\u00f3n y crecimiento de la planta y reduce los contenidos elevados de metales.<\/p>\n","protected":false},"excerpt":{"rendered":"<p>La Zeolita es un aluminosilicato cuya estructura forma cavidades que con facilidad atrapan iones y mol\u00e9culas de agua y ox\u00edgeno, disponen de gran libertad de movimiento que permiten el cambio i\u00f3nico y la deshidrataci\u00f3n reversible. Su alta capacidad para intercambiar cationes permite absorber el nitr\u00f3geno, la humedad y los micro nutrientes. Los suministra a la planta a medida que los requiere. El uso excesivo de fertilizantes qu\u00edmicos en la agricultura provoca, debido a su composici\u00f3n, graves da\u00f1os a largo plazo en los suelos al mismo tiempo que contaminan los mantos acu\u00edferos. Al aplicar la Zeolita como aditivo a los fertilizantes se puede reemplazar de un 20 a 40% del fertilizante obteniendo resultados sorprendentes.<\/p>\n<p>\u2022 Brinda un excelente soporte f\u00edsico a la planta, fortaleciendo las ra\u00edces<br \/>\n\u2022 Alta capacidad de absorci\u00f3n y adsorci\u00f3n de agua.<br \/>\n\u2022 Act\u00faa como regulador de micro y macro nutrientes almacen\u00e1ndolos en su mol\u00e9cula hasta que la planta los requiera.<br \/>\n\u2022 Gracias a su mol\u00e9cula y a su alta \u00e1rea superficial sirve como cautiverio para microorganismos que regulan enfermedades y son importantes en los ciclos de los nutrientes.<br \/>\n\u2022 Brinda excelente aireaci\u00f3n a las ra\u00edces y agiliza la germinaci\u00f3n y crecimiento de la planta.<br \/>\n\u2022 Mejora sus propiedades f\u00edsicas tales como estructura, retenci\u00f3n de humedad, aireaci\u00f3n, porosidad, densidad, ascensi\u00f3n capilar, reduciendo la compactaci\u00f3n de los suelos.<br \/>\n\u2022 Aumenta el PH y la capacidad de intercambio cati\u00f3nico total del suelo.<br \/>\n\u2022 Reduce los contenidos elevados de metales en el suelo, que pudiera ser t\u00f3xico para las plantas como Hierro, Aluminio, Plomo, Cadmio y otros.<br \/>\n\u2022 Facilita una mayor estabilidad de los contenidos de materia org\u00e1nica del suelo, reduciendo las p\u00e9rdidas de materia org\u00e1nica por mineralizaci\u00f3n.<br \/>\n\u2022 La estructura porosa de la zeolita al mantener el suelo aireado, mejora tambi\u00e9n su actividad biol\u00f3gica.<br \/>\n\u2022 Aumenta la acci\u00f3n de las bacterias nitrificantes, al suministrar una superficie ideal para la adherencia de las mismas, favoreciendo tambi\u00e9n reproducci\u00f3n y con ello tambi\u00e9n el aumento de la poblaci\u00f3n de bacterias ben\u00e9ficas que atacan los hongos pat\u00f3genos.<br \/>\n\u2022 Debido a su resistencia mec\u00e1nica, soporta grandes esfuerzos y tensiones durante su manipulaci\u00f3n y almacenamiento, manteniendo estable su estructura y propiedades, asegurando una presencia de prote\u00ednas y minerales que establecen en los suelos por prolongados periodos de tiempo, ello favorece la textura de los suelos, reduciendo la compactaci\u00f3n, mejorando con ello la aireaci\u00f3n del sistema radicular.<br \/>\n\u2022 Dado el importante volumen de poros y cavidades, el mineral manifiesta un gran poder de absorci\u00f3n y retenci\u00f3n de agua de forma reversible, pudiendo almacenar hasta un 30% de su peso en agua.<\/p>\n","protected":false},"featured_media":454,"comment_status":"open","ping_status":"closed","template":"","meta":{"site-sidebar-layout":"default","site-content-layout":"default","ast-site-content-layout":"default","site-content-style":"default","site-sidebar-style":"default","ast-global-header-display":"","ast-banner-title-visibility":"","ast-main-header-display":"","ast-hfb-above-header-display":"","ast-hfb-below-header-display":"","ast-hfb-mobile-header-display":"","site-post-title":"","ast-breadcrumbs-content":"","ast-featured-img":"","footer-sml-layout":"","ast-disable-related-posts":"","theme-transparent-header-meta":"default","adv-header-id-meta":"","stick-header-meta":"","header-above-stick-meta":"","header-main-stick-meta":"","header-below-stick-meta":"","astra-migrate-meta-layouts":"default","ast-page-background-enabled":"default","ast-page-background-meta":{"desktop":{"background-color":"var(--ast-global-color-4)","background-image":"","background-repeat":"repeat","background-position":"center center","background-size":"auto","background-attachment":"scroll","background-type":"","background-media":"","overlay-type":"","overlay-color":"","overlay-opacity":"","overlay-gradient":""},"tablet":{"background-color":"","background-image":"","background-repeat":"repeat","background-position":"center center","background-size":"auto","background-attachment":"scroll","background-type":"","background-media":"","overlay-type":"","overlay-color":"","overlay-opacity":"","overlay-gradient":""},"mobile":{"background-color":"","background-image":"","background-repeat":"repeat","background-position":"center center","background-size":"auto","background-attachment":"scroll","background-type":"","background-media":"","overlay-type":"","overlay-color":"","overlay-opacity":"","overlay-gradient":""}},"ast-content-background-meta":{"desktop":{"background-color":"var(--ast-global-color-5)","background-image":"","background-repeat":"repeat","background-position":"center center","background-size":"auto","background-attachment":"scroll","background-type":"","background-media":"","overlay-type":"","overlay-color":"","overlay-opacity":"","overlay-gradient":""},"tablet":{"background-color":"var(--ast-global-color-5)","background-image":"","background-repeat":"repeat","background-position":"center center","background-size":"auto","background-attachment":"scroll","background-type":"","background-media":"","overlay-type":"","overlay-color":"","overlay-opacity":"","overlay-gradient":""},"mobile":{"background-color":"var(--ast-global-color-5)","background-image":"","background-repeat":"repeat","background-position":"center center","background-size":"auto","background-attachment":"scroll","background-type":"","background-media":"","overlay-type":"","overlay-color":"","overlay-opacity":"","overlay-gradient":""}}},"product_cat":[21,23],"product_tag":[],"class_list":["post-453","product","type-product","status-publish","has-post-thumbnail","hentry","product_cat-productos","product_cat-productos-agricolas","desktop-align-left","tablet-align-left","mobile-align-left"],"_links":{"self":[{"href":"https:\/\/amdp.agromineralesdelpacifico.com\/index.php\/wp-json\/wp\/v2\/product\/453","targetHints":{"allow":["GET"]}}],"collection":[{"href":"https:\/\/amdp.agromineralesdelpacifico.com\/index.php\/wp-json\/wp\/v2\/product"}],"about":[{"href":"https:\/\/amdp.agromineralesdelpacifico.com\/index.php\/wp-json\/wp\/v2\/types\/product"}],"replies":[{"embeddable":true,"href":"https:\/\/amdp.agromineralesdelpacifico.com\/index.php\/wp-json\/wp\/v2\/comments?post=453"}],"wp:featuredmedia":[{"embeddable":true,"href":"https:\/\/amdp.agromineralesdelpacifico.com\/index.php\/wp-json\/wp\/v2\/media\/454"}],"wp:attachment":[{"href":"https:\/\/amdp.agromineralesdelpacifico.com\/index.php\/wp-json\/wp\/v2\/media?parent=453"}],"wp:term":[{"taxonomy":"product_cat","embeddable":true,"href":"https:\/\/amdp.agromineralesdelpacifico.com\/index.php\/wp-json\/wp\/v2\/product_cat?post=453"},{"taxonomy":"product_tag","embeddable":true,"href":"https:\/\/amdp.agromineralesdelpacifico.com\/index.php\/wp-json\/wp\/v2\/product_tag?post=453"}],"curies":[{"name":"wp","href":"https:\/\/api.w.org\/{rel}","templated":true}]}}